{"id":860,"date":"2024-01-16T19:38:40","date_gmt":"2024-01-16T18:38:40","guid":{"rendered":"https:\/\/bohemiatopstar.cz\/wpme\/?page_id=860"},"modified":"2025-04-27T21:21:24","modified_gmt":"2025-04-27T19:21:24","slug":"inferno-inno-goldest-danubius","status":"publish","type":"page","link":"https:\/\/bohemiatopstar.cz\/wpme\/index.php\/inferno-inno-goldest-danubius\/","title":{"rendered":"Inferno Inno Goldest Danubius"},"content":{"rendered":"\n<h2 class=\"wp-block-heading\">Inferno Inno Goldest Danubius<\/h2>\n\n\n\n<figure class=\"wp-block-image size-full\"><img decoding=\"async\" width=\"700\" height=\"467\" src=\"https:\/\/bohemiatopstar.cz\/wpme\/wp-content\/uploads\/2024\/01\/ext1.jpg\" alt=\"\" class=\"wp-image-937\" srcset=\"https:\/\/bohemiatopstar.cz\/wpme\/wp-content\/uploads\/2024\/01\/ext1.jpg 700w, https:\/\/bohemiatopstar.cz\/wpme\/wp-content\/uploads\/2024\/01\/ext1-300x200.jpg 300w\" sizes=\"(max-width: 700px) 100vw, 700px\" \/><\/figure>\n\n\n\n<figure class=\"wp-block-table is-style-stripes\"><table><tbody><tr><td rowspan=\"9\"><a href=\"file:\/\/\/Users\/martina\/WP\/hueman\/assets\/front\/css\/gallery.php?akce=galerie_ukaz&amp;galerie_id=7\"><\/a><\/td><\/tr><tr><td><strong>Datum narozen\u00ed:&nbsp;<\/strong>18.10.2010 &#8211; 10.12.2014<\/td><\/tr><tr><td><strong>\u010c\u00edslo z\u00e1pisu:&nbsp;<\/strong>CMKU\/KV\/6493\/10<\/td><\/tr><tr><td><strong>Bonitace:&nbsp;<\/strong>svod dorostu 00\/5A\/+ 69 cm<\/td><\/tr><tr><td><strong>DKK: 0\/0, DLK: 0\/0<\/strong><\/td><\/tr><tr><td><strong>Chovatel:&nbsp;<\/strong>Rohlenov\u00e1 Petra Bc.<\/td><\/tr><tr><td><strong>Majitel:&nbsp;<\/strong>Zaj\u00ed\u010dkov\u00e1 Martina ing.<\/td><\/tr><tr><td><strong>Adresa:&nbsp;<\/strong>Brani\u0161ov 42,&nbsp;373 84 Dubn\u00e9<\/td><\/tr><tr><td><strong>www:&nbsp;<\/strong><a href=\"http:\/\/www.working-dog.eu\/dogs-details\/958622\/Inferno-Inno-Goldest-Danubius\">http:\/\/www.working-dog.eu\/dogs-details\/958622\/Inferno-Inno-Goldest-Danubius&nbsp;<\/a><\/td><\/tr><tr><td><\/td><td><\/td><\/tr><tr><td colspan=\"2\"><strong>V\u00fdstavy:&nbsp;<\/strong>v\u00fdborn\u00fd 1, V\u00edt\u011bz t\u0159\u00eddy, Oblastn\u00ed v\u00edt\u011bz, Nejlep\u0161\u00ed velk\u00fd kn\u00edra\u010d v\u00fdstavy&nbsp;<\/td><\/tr><tr><td colspan=\"2\"><strong>Zkou\u0161ky, z\u00e1vody:&nbsp;<\/strong><\/td><\/tr><\/tbody><\/table><\/figure>\n\n\n\n<p><br><strong>RODOKMEN \/ PEDIGREE&nbsp;<\/strong><\/p>\n\n\n\n<figure class=\"wp-block-table\"><table><tbody><tr><td rowspan=\"4\">XERRO vom HATZBACHTAL<br>velmi dobr\u00fd<br>AD, BH, VPG1, IPO3<br>HD &#8211; A<br>K\u00f6rung 1-1-2-1<\/td><td rowspan=\"2\">FERRO v. Elberfeld<br>V\u00fdborn\u00fd, Klubov\u00fd v\u00edt\u011bz<br>IPO 3,VPG 3,FH2,AD,BH, IPO-FH<br>N\u011bmeck\u00fd Vicemistr stopa\u0159 PSK 2008<br>2 x \u00da\u010dastn\u00edk MS ISPU, 3x \u00da\u010d. MR,1x MR v\u0161ech pl.<br>K\u00f6rung 1-1-1-1<br>HD &#8211; A&nbsp;<\/td><td>FALKO v.Elberfeld<br>IPO3, VPG3, ISPU Vicemistr sv\u011bta 00 3x\u00da\u010d.MR PSKa<br>H HD &#8211; 0<br>v\u00fdborn\u00fd<\/td><\/tr><tr><td>ULRIEKE v. HATZBACHTAL<br>Matka 4 \u00fa\u010dastn\u00edk\u016f Misrovstv\u00ed sv\u011bta po 2 r\u016fzn\u00fdch otc\u00edch<br>v\u00fdborn\u00e1<br>AD, BH, IPO1<br>HD &#8211; A<\/td><\/tr><tr><td rowspan=\"2\">MISS LEE v. Elberfeld<br>BH,VPG3,IPO3, FH1<br>VD<br>HD &#8211; 0<\/td><td>FALK v.Weseler Wald<br>Klubov\u00fd v\u00edt\u011bz,<br>AD, BH, FH1, DH-PO1,<br>HD &#8211; 0<\/td><\/tr><tr><td>ANKA v.Honigberg<br>\u00da\u010d. MR a MS, AD,BH,VPG3,IPO3,<br>V\u00fdborn\u00e1<br>HD &#8211; 0<\/td><\/tr><tr><td rowspan=\"4\">Dona Donatella Goldest Danubius<br>v\u00fdborn\u00e1 1, \u010cK\u0160<br>ZOP, BH, FPr1<br>HD &#8211; 0\/<br>00\/4AR\/6<\/td><td rowspan=\"2\">Clark v. Klingsgarten<br>v\u00fdborn\u00fd<br>IPO2<br>HD a(0\/0)&nbsp;<\/td><td>Alex Arabona<br>Krajsk\u00fd v\u00edt\u011bz<br>IPO3, SchH3, ZV1, ZM, ZZZ<br>HD a(0\/0)&nbsp;<\/td><\/tr><tr><td>Zora v. Hatzbachtal<br>velmi dobr\u00e1<br>SchH3, AD<br>HD 0&nbsp;<\/td><\/tr><tr><td rowspan=\"2\">ICH. Nev Lemar Barbara<br>Inter\u0161., \u0160ampion. \u010cR,SK, Klub.\u010cR, N\u00e1rodn\u00ed a Klub. v\u00edt\u011bz, 2xCACIB., V\u00edt\u011bz celost. spec. v.<br>2xBOB, 8xCAC, 4xr.CACIB,OKV, 2xr.CAC, 3x\u010cK\u0160, BIS junior<br>ZM,ZVV1,FPr3, BH, ZOP, ZPU2<br>HD &#8211; 1<br>00\/5A\/5<br>V\u00fdkonnostn\u00ed bonitace &#8211; 55<br>PRA,C- neg.(o\u010di), Kardio neg.&nbsp;<\/td><td>CH. INGEBAR\u00b4S URI GELLER<br>\u0160ampion USA, Rus, LU, BY, LIT<br>IPO1<br>HD 0&nbsp;<\/td><\/tr><tr><td>LEMAR VALENS ARABELLA<br>2x CACIB, r.CACIB, 4x CAC, r.CAC<br>HD &#8211; A<\/td><\/tr><\/tbody><\/table><\/figure>\n","protected":false},"excerpt":{"rendered":"<p>Inferno Inno Goldest Danubius Datum narozen\u00ed:&nbsp;18.10.2010 &#8211; 10.12.2014 \u010c\u00edslo z\u00e1pisu:&nbsp;CMKU\/KV\/6493\/10 Bonitace:&nbsp;svod dorostu 00\/5A\/+ 69 cm DKK: 0\/0, DLK: 0\/0 Chovatel:&nbsp;Rohlenov\u00e1 Petra Bc. Majitel:&nbsp;Zaj\u00ed\u010dkov\u00e1 Martina ing. Adresa:&nbsp;Brani\u0161ov 42,&nbsp;373 84 Dubn\u00e9 www:&nbsp;http:\/\/www.working-dog.eu\/dogs-details\/958622\/Inferno-Inno-Goldest-Danubius&nbsp; V\u00fdstavy:&nbsp;v\u00fdborn\u00fd 1, V\u00edt\u011bz t\u0159\u00eddy, Oblastn\u00ed v\u00edt\u011bz, Nejlep\u0161\u00ed velk\u00fd kn\u00edra\u010d v\u00fdstavy&nbsp; Zkou\u0161ky, z\u00e1vody:&nbsp; RODOKMEN \/ PEDIGREE&nbsp; XERRO vom HATZBACHTALvelmi dobr\u00fdAD, BH, VPG1, IPO3HD &#8211; AK\u00f6rung 1-1-2-1 [&hellip;]<\/p>\n","protected":false},"author":1,"featured_media":0,"parent":0,"menu_order":0,"comment_status":"closed","ping_status":"closed","template":"","meta":{"pgc_sgb_lightbox_settings":"","footnotes":""},"_links":{"self":[{"href":"https:\/\/bohemiatopstar.cz\/wpme\/index.php\/wp-json\/wp\/v2\/pages\/860"}],"collection":[{"href":"https:\/\/bohemiatopstar.cz\/wpme\/index.php\/wp-json\/wp\/v2\/pages"}],"about":[{"href":"https:\/\/bohemiatopstar.cz\/wpme\/index.php\/wp-json\/wp\/v2\/types\/page"}],"author":[{"embeddable":true,"href":"https:\/\/bohemiatopstar.cz\/wpme\/index.php\/wp-json\/wp\/v2\/users\/1"}],"replies":[{"embeddable":true,"href":"https:\/\/bohemiatopstar.cz\/wpme\/index.php\/wp-json\/wp\/v2\/comments?post=860"}],"version-history":[{"count":3,"href":"https:\/\/bohemiatopstar.cz\/wpme\/index.php\/wp-json\/wp\/v2\/pages\/860\/revisions"}],"predecessor-version":[{"id":1625,"href":"https:\/\/bohemiatopstar.cz\/wpme\/index.php\/wp-json\/wp\/v2\/pages\/860\/revisions\/1625"}],"wp:attachment":[{"href":"https:\/\/bohemiatopstar.cz\/wpme\/index.php\/wp-json\/wp\/v2\/media?parent=860"}],"curies":[{"name":"wp","href":"https:\/\/api.w.org\/{rel}","templated":true}]}}